-146 + 160355433?
160355254
In base 11, what is 7267 + 231a?
9586
In base 4, what is 131322102313002 - 2?
131322102313000
In base 16, what is -6a + -16040?
-160aa
In base 16, what is 10 + -596f4?
-596e4
In base 5, what is -324203 - 321422?
-1201130
In base 10, what is -145237589 + -5?
-145237594
In base 7, what is 2 + 5245260?
5245262
In base 13, what is -25356 + 5339?
-2001a
In base 2, what is 11011010 + -10011011101101?
-10011000010011
In base 16, what is -200 - 215e?
-235e
In base 9, what is -3714714 + 36?
-3714667
In base 10, what is -479612 + 3?
-479609
In base 2, what is -1010010101011 - 1011110001?
-1011110011100
In base 5, what is -4020414222 - -10?
-4020414212
In base 10, what is 1 - -2001981?
2001982
In base 8, what is 74532175 + -3?
74532172
In base 11, what is -339099 + -6?
-3390a4
In base 15, what is 0 + -532781d?
-532781d
In base 3, what is -110 - -2212001112202?
2212001112022
In base 9, what is 25421862 + 4?
25421866
In base 7, what is -1055613601 - 0?
-1055613601
In base 5, what is 110232211 - -220?
110232431
In base 4, what is 131102002331 - 3?
131102002322
In base 14, what is -3 + -632195c?
-6321961
In base 8, what is 63 - 5617276?
-5617213
In base 9, what is -2 + -67016851?
-67016853
In base 11, what is -378567 - 431?
-378998
In base 3, what is -11102121221 + -220112?
-11110112110
In base 8, what is -1 + 627030276?
627030275
In base 12, what is -1b21624a - 1b?
-1b216269
In base 15, what is -86ed - -133?
-85ba
In base 10, what is -21134 - -259?
-20875
In base 4, what is 1110 - 331022220?
-331021110
In base 8, what is 612742723 + 2?
612742725
In base 6, what is -2402401 + 202?
-2402155
In base 4, what is 2311010 - 1011102?
1233302
In base 3, what is 11201101101110 - 102?
11201101101001
In base 4, what is -10 + 1021033221?
1021033211
In base 11, what is -40688 - -8a?
-405a9
In base 9, what is 115 - -167542?
167657
In base 14, what is 1793457 + 5?
179345c
In base 12, what is -5 - -18675017?
18675012
In base 12, what is 5a42 - -116a?
6bb0
In base 13, what is 87 + 13b1b3?
13b26a
In base 3, what is -100012 - 22101112001211?
-22101112102000
In base 14, what is 5130 - -878?
59a8
In base 7, what is -3343 - 1443555?
-1450231
In base 6, what is -34324230 + -14?
-34324244
In base 11, what is -1367 - -27a9?
1442
In base 11, what is -12787 + -552?
-13229
In base 9, what is -1438745 - -11?
-1438734
In base 9, what is -50364 - -213?
-50151
In base 16, what is -7cd + -7350?
-7b1d
In base 8, what is -13 + 10402116?
10402103
In base 15, what is -141352c + -6?
-1413533
In base 10, what is 27488 - -968?
28456
In base 8, what is -165645 - -11233?
-154412
In base 11, what is 284599 - -5?
2845a3
In base 5, what is 1013 + 1241211032?
1241212100
In base 6, what is 2100 - -2310551?
2313051
In base 4, what is 0 + -3023201010312?
-3023201010312
In base 4, what is -12203130111 + 2?
-12203130103
In base 3, what is 100101222001 + 1110100?
100110102101
In base 13, what is -4 + -1370414?
-1370418
In base 3, what is -2 - 12000110112?
-12000110121
In base 2, what is 10 - 101100111111101100100?
-101100111111101100010
In base 4, what is 330 - -2321221021?
2321222011
In base 14, what is 1b2 - -7891?
7a63
In base 6, what is 240250533 - 43?
240250450
In base 13, what is -5 - 7b0837?
-7b083c
In base 2, what is 1111100 - -10001111100111?
10010001100011
In base 16, what is -14 - -14b98f3?
14b98df
In base 11, what is -535a0285 - 5?
-535a028a
In base 16, what is 6515b + -82?
650d9
In base 15, what is ccc + 11bec?
129c9
In base 4, what is -2110 + -233212301?
-233221011
In base 11, what is 1639 + -1a36?
-3a8
In base 3, what is 222200200 - -2110?
222210010
In base 6, what is -514301 + -2323?
-521024
In base 8, what is 4 + 6213307?
6213313
In base 7, what is -6221650551 + -1?
-6221650552
In base 14, what is b062 + 1d4?
b256
In base 6, what is -43552254 - 10?
-43552304
In base 5, what is 10 - 103443213?
-103443203
In base 8, what is 4 + -103552727?
-103552723
In base 4, what is 2321310 - -13023011?
22010321
In base 9, what is -20700435 + -1?
-20700436
In base 2, what is -111010000001100 - 11011100?
-111010011101000
In base 3, what is -20220202 - 11101021101?
-11122012010
In base 3, what is -121211010121 + 20022?
-121210220022
In base 10, what is 0 - -4798461?
4798461
In base 3, what is 2010221 - -210100120?
212111111
In base 3, what is -20220001120222 + 100?
-20220001120122
In base 12, what is 0 + -3564922?
-3564922
In base 3, what is 22210012 - -22102?
100002121
In base 15, what is 18 - 1952c6?
-1952ad
In base 2, what is -1100000110110 + -101011111100?
-10001100110010
In base 6, what is -41154 - 2502?
-44100
In base 4, what is -12 - -102033121303?
102033121231
In base 13, what is -1c + -53866?
-53885
In base 13, what is 87 - 1884?
-17ca
In base 8, what is 4 - 12256463?
-12256457
In base 10, what is -1785 + 669780?
667995
In base 8, what is 0 + 4034640?
4034640
In base 8, what is 2670 + 132646?
135536
In base 10, what is 1749075 + 76?
1749151
In base 2, what is 11100000010001010 - -1110101?
11100000011111111
In base 2, what is 1001100110010011100101 - 1010?
1001100110010011011011
In base 4, what is -10 - -3301100033202?
3301100033132
In base 2, what is -1011 - -11010011001110110100011?
11010011001110110011000
In base 2, what is -11110001100010111110111 + 1010?
-11110001100010111101101
In base 8, what is 17 - -26031142?
26031161
In base 13, what is 110 + -21c076?
-21bc66
In base 2, what is 100111101001011000001110001 - 100?
100111101001011000001101101
In base 16, what is 2 + 1bf5f4d?
1bf5f4f
In base 11, what is -90481 - -39?
-90443
In base 7, what is -5 - -1302010400?
1302010362
In base 12, what is 44b7a4b + -5?
44b7a46
In base 3, what is -11012 - 222101111022?
-222101122111
In base 4, what is 22211 - 221003233?
-220321022
In base 9, what is 10 - 1106540?
-1106530
In base 14, what is -a6971b0 - -7?
-a6971a7
In base 10, what is -83333918 - -7?
-83333911
In base 4, what is -1031322020333103 + 2?
-1031322020333101
In base 5, what is 141233332 + -12?
141233320
In base 10, what is 167 + -121606?
-121439
In base 2, what is 100111111010 - 101010110111010?
-100101111000000
In base 6, what is -15303 + -1205425?
-1225132
In base 10, what is 286706 + -117?
286589
In base 4, what is -12331231003 + -330?
-12331231333
In base 14, what is 4d6 + -1679d?
-162a7
In base 2, what is 1010001001101 + 1001110011010001?
1011000100011110
In base 12, what is -1109342b - -4?
-11093427
In base 8, what is 10746 - -20220?
31166
In base 12, what is -12aa573 - -b?
-12aa564
In base 6, what is -1224 + 3254512?
3253244
In base 9, what is -3 - 78551028?
-78551032
In base 14, what is -57177 + 48a?
-56acb
In base 6, what is 201 - -333241233?
333241434
In base 13, what is -c69 - 19190?
-1a129
In base 8, what is -212 - 52757?
-53171
In base 14, what is 13c + -2609b8?
-26087a
In base 2, what is -11110011010111010111001 - 10001?
-11110011010111011001010
In base 6, what is -111 + -102241?
-102352
In base 4, what is 330132231013323 - 11?
330132231013312
In base 3, what is 2 + 20020112002111212?
20020112002111221
In base 2, what is 101 - 11011010000010001010010?
-11011010000010001001101
In base 2, what is 111101011 - -10001111001110?
10010110111001
In base 9, what is 7312 - -1436?
8748
In base 5, what is 2140144 - 143440?
1441204
In base 5, what is 203214322 + -103?
203214214
In base 11, what is 6792 - 1648?
5145
In base 12, what is 32497 + -9?
3248a
In base 9, what is 8857 - 18852?
-8884
In base 14, what is 1b608b - a?
1b6081
In base 4, what is 21 - -112202303311?
112202303332
In base 9, what is 753665 - 440?
753225
In base 2, what is -100011011110001000000111 - 1000110?
-100011011110001001001101
In base 5, what is -111341 - -20333203?
20221312
In base 11, what is -838268 - 7?
-838274
In base 10, what is 45855 - -46?
45901
In base 4, what is 11 - -130003003312?
130003003323
In base 10, what is -43 + -5714256?
-5714299
In base 14, what is 1ac84 - 213?
1aa71
In base 6, what is 5201 - 104133?
-54532
In base 14, what is a5521db - -2?
a5521dd
In base 2, what is -1000100000000011 + 1000011001?
-1000010111101010
In base 9, what is -3101 - 27346?
-31447
In base 8, what is 101676 - 5733?
73743
In base 13, what is -684307 - 5?
-68430c
In base 7, what is -15310 + 3524?
-11453
In base 9, what is -4354 + 15270?
10815
In base 2,